{"id":4157,"date":"2021-10-02T19:47:21","date_gmt":"2021-10-02T17:47:21","guid":{"rendered":"https:\/\/side-ways.net\/blog\/?page_id=4157"},"modified":"2021-10-05T16:25:18","modified_gmt":"2021-10-05T14:25:18","slug":"le-dvd-un-autre-monde-existe","status":"publish","type":"page","link":"https:\/\/side-ways.net\/blog\/le-dvd-un-autre-monde-existe\/","title":{"rendered":"Le DVD \u00ab\u00a0Un autre monde existe !\u00a0\u00bb"},"content":{"rendered":"\n<figure class=\"wp-block-image size-large\"><img loading=\"lazy\" decoding=\"async\" width=\"1024\" height=\"683\" src=\"https:\/\/side-ways.net\/blog\/wp-content\/uploads\/2019\/10\/DVDv4-1024x683.jpg\" alt=\"\" class=\"wp-image-3235\" srcset=\"https:\/\/side-ways.net\/blog\/wp-content\/uploads\/2019\/10\/DVDv4-1024x683.jpg 1024w, https:\/\/side-ways.net\/blog\/wp-content\/uploads\/2019\/10\/DVDv4-300x200.jpg 300w, https:\/\/side-ways.net\/blog\/wp-content\/uploads\/2019\/10\/DVDv4-768x512.jpg 768w, https:\/\/side-ways.net\/blog\/wp-content\/uploads\/2019\/10\/DVDv4-600x400.jpg 600w, https:\/\/side-ways.net\/blog\/wp-content\/uploads\/2019\/10\/DVDv4-1536x1024.jpg 1536w, https:\/\/side-ways.net\/blog\/wp-content\/uploads\/2019\/10\/DVDv4-2048x1365.jpg 2048w, https:\/\/side-ways.net\/blog\/wp-content\/uploads\/2019\/10\/DVDv4-90x60.jpg 90w, https:\/\/side-ways.net\/blog\/wp-content\/uploads\/2019\/10\/DVDv4-1320x880.jpg 1320w\" sizes=\"auto, (max-width: 1024px) 100vw, 1024px\" \/><\/figure>\n\n\n\n<section class=\"wp-block-uagb-columns uagb-columns__wrap uagb-columns__background-undefined uagb-columns__stack-mobile uagb-columns__valign-undefined uagb-columns__gap-10 alignundefined uagb-block-2903f1a0\"><div class=\"uagb-columns__overlay\"><\/div><div class=\"uagb-columns__inner-wrap uagb-columns__columns-2\">\n<div class=\"wp-block-uagb-column uagb-column__wrap uagb-column__background-undefined uagb-block-0b9d33cd\"><div class=\"uagb-column__overlay\"><\/div><div class=\"uagb-column__inner-wrap\">\n<p><\/p>\n\n\n\n<p><\/p>\n\n\n\n<div class=\"wp-block-group\"><div class=\"wp-block-group__inner-container is-layout-flow wp-block-group-is-layout-flow\">\n<h2 class=\"wp-block-heading\">Pr\u00e9sentation<\/h2>\n\n\n\n<p>Tous les \u00e9pisodes de la s\u00e9rie sont r\u00e9unis sur un seul et m\u00eame support pour d\u00e9couvrir &amp; faire d\u00e9couvrir d\u2019autres mani\u00e8res de penser le travail, d\u2019agir collectivement et de vivre (ses r\u00eaves) !<\/p>\n\n\n\n<p>Le boulanger qui a r\u00e9invent\u00e9 son m\u00e9tier, un berger en proche banlieue parisienne, une \u00e9picerie sans salari\u00e9s mais avec des multiples activit\u00e9s, des chantiers d\u2019autoconstruction de maison, d\u2019\u00e9olienne, d\u2019autres mani\u00e8res d\u2019agir pour les sans-abris, etc.<br>Les th\u00e9matiques sont nombreuses, et ce n\u2019est qu\u2019un d\u00e9but pour imaginer le monde dont nous r\u00eavons. &#x1f339;<\/p>\n\n\n\n<p>Nous aimons beaucoup cette phrase :<\/p>\n\n\n\n<blockquote class=\"wp-block-quote is-layout-flow wp-block-quote-is-layout-flow\"><p>\u00ab&nbsp;Si on ne fait pas l\u2019effort d\u2019imaginer le futur et qu\u2019on ne s\u2019y implique pas, on aura le monde qu\u2019un autre aura voulu&nbsp;\u00bb<\/p><cite>Sophie Banks, dans le film \u00ab&nbsp;En transition 1.0&nbsp;\u00bb<\/cite><\/blockquote>\n\n\n\n<p>Alors, on commence d\u00e8s maintenant ?!<\/p>\n\n\n\n<h3 class=\"wp-block-heading\"><strong>Le DVD est \u00e0 prix libre.<\/strong><\/h3>\n\n\n\n<p>Pourquoi ?<br>\u2013 pour \u00eatre accessible \u00e0 tous<br>\u2013 nous vous faisons confiance pour contribuer de mani\u00e8re juste pour vous et pour nous &#x2764;&#xfe0f;<\/p>\n\n\n\n<hr class=\"wp-block-separator\"\/>\n\n\n\n<div class=\"wp-block-buttons is-content-justification-center is-layout-flex wp-block-buttons-is-layout-flex\">\n<div class=\"wp-block-button has-custom-font-size has-large-font-size\"><a class=\"wp-block-button__link\" href=\"https:\/\/sideways.sumup.link\/\" target=\"_blank\" rel=\"noreferrer noopener\">Commander<\/a><\/div>\n<\/div>\n\n\n\n<hr class=\"wp-block-separator\"\/>\n\n\n\n<h3 class=\"wp-block-heading\">Moyens de paiement<\/h3>\n\n\n\n<p>Si vous pr\u00e9f\u00e9rez payer par ch\u00e8que, Paypal, virement bancaire ou autre, utilisez les informations de <a href=\"https:\/\/side-ways.net\/participez\/\" target=\"_blank\" rel=\"noreferrer noopener\">la page \u00ab&nbsp;Participez&nbsp;\u00bb du site internet<\/a> et envoyez-nous un mail pour valider votre commande.<\/p>\n<\/div><\/div>\n\n\n\n<hr class=\"wp-block-separator\"\/>\n\n\n\n<h2 class=\"wp-block-heading\">D\u00e9couvrez aussi le livre !<\/h2>\n\n\n\n<div class=\"wp-block-image\"><figure class=\"alignleft size-full is-resized\"><a href=\"https:\/\/side-ways.net\/blog\/livre\/\"><img loading=\"lazy\" decoding=\"async\" src=\"https:\/\/side-ways.net\/blog\/wp-content\/uploads\/2021\/10\/SIDE7994_01-edited.jpg\" alt=\"\" class=\"wp-image-4125\" width=\"397\" height=\"397\" srcset=\"https:\/\/side-ways.net\/blog\/wp-content\/uploads\/2021\/10\/SIDE7994_01-edited.jpg 794w, https:\/\/side-ways.net\/blog\/wp-content\/uploads\/2021\/10\/SIDE7994_01-edited-300x300.jpg 300w, https:\/\/side-ways.net\/blog\/wp-content\/uploads\/2021\/10\/SIDE7994_01-edited-150x150.jpg 150w, https:\/\/side-ways.net\/blog\/wp-content\/uploads\/2021\/10\/SIDE7994_01-edited-768x768.jpg 768w, https:\/\/side-ways.net\/blog\/wp-content\/uploads\/2021\/10\/SIDE7994_01-edited-600x600.jpg 600w\" sizes=\"auto, (max-width: 397px) 100vw, 397px\" \/><\/a><\/figure><\/div>\n\n\n\n<p>Les \u00e9pisodes r\u00e9unis et largement illustr\u00e9s. Publication avec les \u00e9ditions Ulmer. Le livre sera disponible en librairie \u00e0 partir du 21 octobre 2021. Une tourn\u00e9e de lectures &amp; projections s\u2019organise pour la sortie <a href=\"https:\/\/side-ways.net\/blog\/litineraire-de-la-tournee-2021-2022\/\">(toutes les dates)<\/a>.<\/p>\n\n\n\n<p>C\u2019est un projet que nous avions en t\u00eate depuis des ann\u00e9es. Nous recevons un message sur la boite mail. Lila, des \u00e9ditions Ulmer, nous demande si nous serions partants pour publier un livre avec eux. <a href=\"https:\/\/side-ways.net\/blog\/livre\/\">(lire la suite)<\/a><\/p>\n\n\n\n<p><\/p>\n<\/div><\/div>\n\n\n\n<div class=\"wp-block-uagb-column uagb-column__wrap uagb-column__background-color uagb-block-60657dc5\"><div class=\"uagb-column__overlay\"><\/div><div class=\"uagb-column__inner-wrap\">\n<div class=\"wp-block-group has-nv-dark-bg-color has-nv-light-bg-background-color has-text-color has-background\"><div class=\"wp-block-group__inner-container is-layout-flow wp-block-group-is-layout-flow\">\n<h2 class=\"wp-block-heading\">Sommaire<\/h2>\n\n\n\n<p>#11 &#8211; Les vignerons&nbsp;<br>#10 &#8211; La vie collective<br>#9 &#8211; Le berger de Bagnolet<br>#8 &#8211; Le boulanger<br>#7 &#8211; L&rsquo;\u00e9picerie<br>#6 &#8211; Cr\u00e9ons notre vie<br>#5 &#8211; La for\u00eat comestible<br>#4 &#8211; Construire ensemble<br>#2 &#8211; Acheter collectivement des logements<br>#1 &#8211; Vivre sans utiliser d&rsquo;argent<\/p>\n\n\n\n<p><strong>BONUS &#x2665;&#xfe0f;<\/strong><br>#1 Balade sauvage avec Wawa<br>#2 Benoit et son Pendularium<br>#3 Melaine, g\u00e9omorphologue<br>#4 Prendre le route pour trouver son chemin<\/p>\n<\/div><\/div>\n<\/div><\/div>\n<\/div><\/section>\n\n\n\n<p><br><\/p>\n","protected":false},"excerpt":{"rendered":"<p>Pr\u00e9sentation Tous les \u00e9pisodes de la s\u00e9rie sont r\u00e9unis sur un seul et m\u00eame support pour d\u00e9couvrir &amp; faire d\u00e9couvrir d\u2019autres mani\u00e8res de penser le travail, d\u2019agir collectivement et de vivre (ses r\u00eaves) ! Le boulanger qui a r\u00e9invent\u00e9 son m\u00e9tier, un berger en proche banlieue parisienne, une \u00e9picerie sans salari\u00e9s mais avec des multiples&hellip;&nbsp;<a href=\"https:\/\/side-ways.net\/blog\/le-dvd-un-autre-monde-existe\/\" rel=\"bookmark\">Lire la suite &raquo;<span class=\"screen-reader-text\">Le DVD \u00ab\u00a0Un autre monde existe !\u00a0\u00bb<\/span><\/a><\/p>\n","protected":false},"author":1,"featured_media":3235,"parent":0,"menu_order":0,"comment_status":"closed","ping_status":"closed","template":"","meta":{"_uag_custom_page_level_css":"","neve_meta_sidebar":"","neve_meta_container":"","neve_meta_enable_content_width":"","neve_meta_content_width":0,"neve_meta_title_alignment":"","neve_meta_author_avatar":"","neve_post_elements_order":"","neve_meta_disable_header":"","neve_meta_disable_footer":"","neve_meta_disable_title":"","jetpack_post_was_ever_published":false,"footnotes":""},"class_list":["post-4157","page","type-page","status-publish","has-post-thumbnail","hentry"],"uagb_featured_image_src":{"full":["https:\/\/side-ways.net\/blog\/wp-content\/uploads\/2019\/10\/DVDv4-scaled.jpg",2560,1706,false],"thumbnail":["https:\/\/side-ways.net\/blog\/wp-content\/uploads\/2019\/10\/DVDv4-150x150.jpg",150,150,true],"medium":["https:\/\/side-ways.net\/blog\/wp-content\/uploads\/2019\/10\/DVDv4-300x200.jpg",300,200,true],"medium_large":["https:\/\/side-ways.net\/blog\/wp-content\/uploads\/2019\/10\/DVDv4-768x512.jpg",768,512,true],"large":["https:\/\/side-ways.net\/blog\/wp-content\/uploads\/2019\/10\/DVDv4-1024x683.jpg",1024,683,true],"1536x1536":["https:\/\/side-ways.net\/blog\/wp-content\/uploads\/2019\/10\/DVDv4-1536x1024.jpg",1536,1024,true],"2048x2048":["https:\/\/side-ways.net\/blog\/wp-content\/uploads\/2019\/10\/DVDv4-2048x1365.jpg",2048,1365,true],"neve-blog":["https:\/\/side-ways.net\/blog\/wp-content\/uploads\/2019\/10\/DVDv4-scaled.jpg",930,620,false],"mailpoet_newsletter_max":["https:\/\/side-ways.net\/blog\/wp-content\/uploads\/2019\/10\/DVDv4-1320x880.jpg",1320,880,true]},"uagb_author_info":{"display_name":"SideWays, la webs\u00e9rie itin\u00e9rante","author_link":"https:\/\/side-ways.net\/blog\/author\/blog_sw\/"},"uagb_comment_info":0,"uagb_excerpt":"Pr\u00e9sentation Tous les \u00e9pisodes de la s\u00e9rie sont r\u00e9unis sur un seul et m\u00eame support pour d\u00e9couvrir &amp; faire d\u00e9couvrir d\u2019autres mani\u00e8res de penser le travail, d\u2019agir collectivement et de vivre (ses r\u00eaves) ! Le boulanger qui a r\u00e9invent\u00e9 son m\u00e9tier, un berger en proche banlieue parisienne, une \u00e9picerie sans salari\u00e9s mais avec des multiples&hellip;&nbsp;Lire\u2026","jetpack_sharing_enabled":true,"jetpack_shortlink":"https:\/\/wp.me\/P8l8Aa-153","jetpack-related-posts":[{"id":3883,"url":"https:\/\/side-ways.net\/blog\/","url_meta":{"origin":4157,"position":0},"title":"Accueil","author":"SideWays, la webs\u00e9rie itin\u00e9rante","date":"13 septembre 2021","format":false,"excerpt":"\"Enqu\u00eate d'un autre monde\"Le livre de la s\u00e9rie ! Les \u00e9pisodes r\u00e9unis avec un chapitre qui parle de notre histoire.192 pages, largement illustr\u00e9es, publi\u00e9es avec les \u00e9ditions Ulmer. Vous avez d\u00e9j\u00e0 lu le livre ? Vous cherchez les compl\u00e9ments ? Plus sur le livre Lire les compl\u00e9ments La s\u00e9rie documentaire\u2026","rel":"","context":"Article similaire","block_context":{"text":"Article similaire","link":""},"img":{"alt_text":"","src":"https:\/\/i0.wp.com\/side-ways.net\/blog\/wp-content\/uploads\/2021\/09\/Capture-de%CC%81cran-2017-03-25-a%CC%80-11.25.45-edited.png?resize=350%2C200&ssl=1","width":350,"height":200,"srcset":"https:\/\/i0.wp.com\/side-ways.net\/blog\/wp-content\/uploads\/2021\/09\/Capture-de%CC%81cran-2017-03-25-a%CC%80-11.25.45-edited.png?resize=350%2C200&ssl=1 1x, https:\/\/i0.wp.com\/side-ways.net\/blog\/wp-content\/uploads\/2021\/09\/Capture-de%CC%81cran-2017-03-25-a%CC%80-11.25.45-edited.png?resize=525%2C300&ssl=1 1.5x, https:\/\/i0.wp.com\/side-ways.net\/blog\/wp-content\/uploads\/2021\/09\/Capture-de%CC%81cran-2017-03-25-a%CC%80-11.25.45-edited.png?resize=700%2C400&ssl=1 2x, https:\/\/i0.wp.com\/side-ways.net\/blog\/wp-content\/uploads\/2021\/09\/Capture-de%CC%81cran-2017-03-25-a%CC%80-11.25.45-edited.png?resize=1050%2C600&ssl=1 3x, https:\/\/i0.wp.com\/side-ways.net\/blog\/wp-content\/uploads\/2021\/09\/Capture-de%CC%81cran-2017-03-25-a%CC%80-11.25.45-edited.png?resize=1400%2C800&ssl=1 4x"},"classes":[]},{"id":3869,"url":"https:\/\/side-ways.net\/blog\/livre\/","url_meta":{"origin":4157,"position":1},"title":"\u00ab\u00a0Enqu\u00eate d&rsquo;un autre monde\u00a0\u00bb, le livre !","author":"SideWays, la webs\u00e9rie itin\u00e9rante","date":"14 septembre 2021","format":false,"excerpt":"\"Enqu\u00eate d'un autre monde\", le livre ! Pr\u00e9sentation du livre Pendant 6 ans, H\u00e9l\u00e8ne et Benoit ont sillonn\u00e9 les routes et se sont rendu compte que les alternatives foisonnent. Chaque chapitre est une rencontre avec des personnes qui mettent en accord leurs actions et leurs valeurs. Leur fa\u00e7on de s'engager\u2026","rel":"","context":"Article similaire","block_context":{"text":"Article similaire","link":""},"img":{"alt_text":"","src":"https:\/\/i0.wp.com\/side-ways.net\/blog\/wp-content\/uploads\/2021\/09\/couv-enquete-autre-monde.png?resize=350%2C200&ssl=1","width":350,"height":200,"srcset":"https:\/\/i0.wp.com\/side-ways.net\/blog\/wp-content\/uploads\/2021\/09\/couv-enquete-autre-monde.png?resize=350%2C200&ssl=1 1x, https:\/\/i0.wp.com\/side-ways.net\/blog\/wp-content\/uploads\/2021\/09\/couv-enquete-autre-monde.png?resize=525%2C300&ssl=1 1.5x, https:\/\/i0.wp.com\/side-ways.net\/blog\/wp-content\/uploads\/2021\/09\/couv-enquete-autre-monde.png?resize=700%2C400&ssl=1 2x"},"classes":[]},{"id":4167,"url":"https:\/\/side-ways.net\/blog\/le-livre-et-le-dvd-des-episodes\/","url_meta":{"origin":4157,"position":2},"title":"Le livre et le DVD des \u00e9pisodes","author":"SideWays, la webs\u00e9rie itin\u00e9rante","date":"2 octobre 2021","format":false,"excerpt":"Le livre et le DVD Pour d\u00e9couvrir, red\u00e9couvrir et partager les \u00e9pisodes SideWays, la webs\u00e9rie itin\u00e9rante, ce sont des \u00e9pisodes multim\u00e9dias, alliant des films courts, des textes et des photos, le tout graphiquement soign\u00e9 et disponible en ligne. Tr\u00e8s vite, nous avons eu envie de partager notre travail \u00e9galement \u00e0\u2026","rel":"","context":"Article similaire","block_context":{"text":"Article similaire","link":""},"img":{"alt_text":"","src":"https:\/\/i0.wp.com\/side-ways.net\/blog\/wp-content\/uploads\/2021\/10\/SIDE7994_01-edited.jpg?resize=350%2C200&ssl=1","width":350,"height":200,"srcset":"https:\/\/i0.wp.com\/side-ways.net\/blog\/wp-content\/uploads\/2021\/10\/SIDE7994_01-edited.jpg?resize=350%2C200&ssl=1 1x, https:\/\/i0.wp.com\/side-ways.net\/blog\/wp-content\/uploads\/2021\/10\/SIDE7994_01-edited.jpg?resize=525%2C300&ssl=1 1.5x, https:\/\/i0.wp.com\/side-ways.net\/blog\/wp-content\/uploads\/2021\/10\/SIDE7994_01-edited.jpg?resize=700%2C400&ssl=1 2x"},"classes":[]},{"id":2,"url":"https:\/\/side-ways.net\/blog\/qui-sommes-nous\/","url_meta":{"origin":4157,"position":3},"title":"Qu&rsquo;est-ce que SideWays ?","author":"SideWays, la webs\u00e9rie itin\u00e9rante","date":"27 janvier 2017","format":false,"excerpt":"Depuis 2013, nous vivons en fourgon am\u00e9nag\u00e9 sur les routes de France et d'Europe \u00e0 la rencontre de celles et ceux qui inventent leurs vies loin des voies toutes trac\u00e9es. Quand une rencontre nous impacte, nous r\u00e9alisons un film court accompagn\u00e9 d'un article long format, le tout librement accessible en\u2026","rel":"","context":"Avec 1 commentaire","block_context":{"text":"Avec 1 commentaire","link":"https:\/\/side-ways.net\/blog\/qui-sommes-nous\/#comments"},"img":{"alt_text":"","src":"https:\/\/i0.wp.com\/side-ways.net\/blog\/wp-content\/uploads\/2021\/11\/B6.jpg?resize=350%2C200&ssl=1","width":350,"height":200,"srcset":"https:\/\/i0.wp.com\/side-ways.net\/blog\/wp-content\/uploads\/2021\/11\/B6.jpg?resize=350%2C200&ssl=1 1x, https:\/\/i0.wp.com\/side-ways.net\/blog\/wp-content\/uploads\/2021\/11\/B6.jpg?resize=525%2C300&ssl=1 1.5x, https:\/\/i0.wp.com\/side-ways.net\/blog\/wp-content\/uploads\/2021\/11\/B6.jpg?resize=700%2C400&ssl=1 2x, https:\/\/i0.wp.com\/side-ways.net\/blog\/wp-content\/uploads\/2021\/11\/B6.jpg?resize=1050%2C600&ssl=1 3x, https:\/\/i0.wp.com\/side-ways.net\/blog\/wp-content\/uploads\/2021\/11\/B6.jpg?resize=1400%2C800&ssl=1 4x"},"classes":[]},{"id":4119,"url":"https:\/\/side-ways.net\/blog\/complements-du-livre\/","url_meta":{"origin":4157,"position":4},"title":"Compl\u00e9ments du livre","author":"SideWays, la webs\u00e9rie itin\u00e9rante","date":"5 octobre 2021","format":false,"excerpt":"Compl\u00e9ments du livre Vous avez d\u00e9couvert le livre \"Enqu\u00eate d'un autre monde !\" et vous avez envie d'en savoir plus ? Nous esp\u00e9rons r\u00e9pondre \u00e0 tous vos questionnements ! Si ce n'est pas le cas, n'h\u00e9sitez pas \u00e0 nous envoyer un mail : info@side-ways.net Les films courts qui compl\u00e8tent les\u2026","rel":"","context":"Article similaire","block_context":{"text":"Article similaire","link":""},"img":{"alt_text":"","src":"https:\/\/i0.wp.com\/side-ways.net\/blog\/wp-content\/uploads\/2021\/10\/reporters-troubadours_960px.png?resize=350%2C200&ssl=1","width":350,"height":200,"srcset":"https:\/\/i0.wp.com\/side-ways.net\/blog\/wp-content\/uploads\/2021\/10\/reporters-troubadours_960px.png?resize=350%2C200&ssl=1 1x, https:\/\/i0.wp.com\/side-ways.net\/blog\/wp-content\/uploads\/2021\/10\/reporters-troubadours_960px.png?resize=525%2C300&ssl=1 1.5x, https:\/\/i0.wp.com\/side-ways.net\/blog\/wp-content\/uploads\/2021\/10\/reporters-troubadours_960px.png?resize=700%2C400&ssl=1 2x"},"classes":[]},{"id":4987,"url":"https:\/\/side-ways.net\/blog\/camion-amenage\/","url_meta":{"origin":4157,"position":5},"title":"Vivre en camion am\u00e9nag\u00e9. Libert\u00e9s ! (et contraintes)","author":"SideWays, la webs\u00e9rie itin\u00e9rante","date":"1 d\u00e9cembre 2021","format":false,"excerpt":"Libert\u00e9s !(et contraintes) Vivre en camion am\u00e9nag\u00e9 2013. Cela semble il y a une \u00e9ternit\u00e9 maintenant. A l'\u00e9poque, je n'aurais jamais imagin\u00e9 que 8 ans plus tard, je serais toujours dans le m\u00eame fourgon, toujours sur les routes, toujours \u00e0 kiffer la vie nomade. La vie nomade. Bouger, au gr\u00e9\u2026","rel":"","context":"Article similaire","block_context":{"text":"Article similaire","link":""},"img":{"alt_text":"","src":"https:\/\/i0.wp.com\/side-ways.net\/blog\/wp-content\/uploads\/2021\/12\/vidagne-sur-un-parking2-edited.jpg?resize=350%2C200&ssl=1","width":350,"height":200,"srcset":"https:\/\/i0.wp.com\/side-ways.net\/blog\/wp-content\/uploads\/2021\/12\/vidagne-sur-un-parking2-edited.jpg?resize=350%2C200&ssl=1 1x, https:\/\/i0.wp.com\/side-ways.net\/blog\/wp-content\/uploads\/2021\/12\/vidagne-sur-un-parking2-edited.jpg?resize=525%2C300&ssl=1 1.5x, https:\/\/i0.wp.com\/side-ways.net\/blog\/wp-content\/uploads\/2021\/12\/vidagne-sur-un-parking2-edited.jpg?resize=700%2C400&ssl=1 2x"},"classes":[]}],"_links":{"self":[{"href":"https:\/\/side-ways.net\/blog\/wp-json\/wp\/v2\/pages\/4157","targetHints":{"allow":["GET"]}}],"collection":[{"href":"https:\/\/side-ways.net\/blog\/wp-json\/wp\/v2\/pages"}],"about":[{"href":"https:\/\/side-ways.net\/blog\/wp-json\/wp\/v2\/types\/page"}],"author":[{"embeddable":true,"href":"https:\/\/side-ways.net\/blog\/wp-json\/wp\/v2\/users\/1"}],"replies":[{"embeddable":true,"href":"https:\/\/side-ways.net\/blog\/wp-json\/wp\/v2\/comments?post=4157"}],"version-history":[{"count":20,"href":"https:\/\/side-ways.net\/blog\/wp-json\/wp\/v2\/pages\/4157\/revisions"}],"predecessor-version":[{"id":4443,"href":"https:\/\/side-ways.net\/blog\/wp-json\/wp\/v2\/pages\/4157\/revisions\/4443"}],"wp:featuredmedia":[{"embeddable":true,"href":"https:\/\/side-ways.net\/blog\/wp-json\/wp\/v2\/media\/3235"}],"wp:attachment":[{"href":"https:\/\/side-ways.net\/blog\/wp-json\/wp\/v2\/media?parent=4157"}],"curies":[{"name":"wp","href":"https:\/\/api.w.org\/{rel}","templated":true}]}}